. Let g = 1962 - c. Is g a composite number?
True
Let u be (45/(-7) + 7)*7. Suppose 3584 + 8468 = u*c. Is c a composite number?
True
Let k(b) = -43*b**3 - 352*b**2 + 26*b - 42. Is k(-19) a prime number?
True
Let c(m) = 41481*m + 1799. Is c(4) prime?
False
Let k = 105901 + -24774. Is k composite?
True
Let o(j) = -j**3 + 7*j**2 - j + 9. Let q be o(7). Suppose 0 = d - 2*v - 1070, 0*v - q = v. Let z = 2217 - d. Is z a prime number?
True
Let q = -61 - -11. Let x be -2*(-7335)/q*-5. Is (x/9)/(2/14) prime?
False
Let s = -269 - -291. Suppose 0 = 4*r - s*r + 152406. Is r composite?
False
Let p be 36/126 + 26/7. Is (-2 - -6)/p - -4390 composite?
False
Suppose 1354*q = 1353*q + 113327. Is q a prime number?
True
Let b(k) be the first derivative of k**7/280 - k**6/360 - k**5/60 - 5*k**4/24 + 19*k**3/3 + 10. Let q(u) be the third derivative of b(u). Is q(5) composite?
True
Is ((-1891530)/(-24) - (-6 - (-51)/12))*2 prime?
False
Let t(c) = -132*c + 32. Let q be t(6). Let o be 12/(-6)*(4 - q). Is (o + -1)*(-9 - -8) prime?
False
Let b(n) = 53*n**3 - 3*n**2 + 18*n - 13. Let a be b(7). Suppose -a = -15*z + 2270. Is z prime?
True
Let f be (62/(-93))/(2/6). Is 28410/6*(f - -3) prime?
False
Let d(f) = 9*f**2 + 8*f + 17. Suppose 4*g = -2*a - 62, 4*g + 4*a - 56 = 6*g. Is d(g) prime?
True
Is (16 - (-178441 + -12)) + (2 - (4 + -2)) a prime number?
True
Let z(c) = 991*c + 92. Let r(g) = 248*g + 23. Let w(d) = 9*r(d) - 2*z(d). Let a be w(5). Suppose -3796 = -3*x - a. Is x prime?
False
Suppose 96*l - 70*l - 211406 = 0. Is l a composite number?
True
Let a(k) = k**2 + 32*k + 1901. Is a(45) composite?
True
Let o(b) = 11*b**2 - 6*b + 1. Let k = 1 - 4. Let z be (-216)/(-22) + (k - 210/(-66)). Is o(z) prime?
False
Is 2/10 + (-10306024)/(-230) a prime number?
True
Let n be (-46)/4*(-5 + 2 + -3823). Suppose -5*u - 4*g + n = 0, u - 14734 + 5927 = g. Is u a prime number?
True
Let w(s) = 3*s - 11. Suppose 3*k - 3 = 2*m, 4*k - 15 = k. Let f be w(m). Is 7/49*f + (-1 - -3659) a prime number?
True
Let y = 102522 - 41663. Is y prime?
True
Let p be (2/(1*8))/(33/264). Suppose 2441 - 6783 = -p*o - 4*h, -3*o + 6463 = -4*h. Is o composite?
False
Let j = 260 - 241. Suppose 0 = -j*v + 2986 + 8965. Is v a composite number?
True
Let h be (-15)/((-135)/18)*-5. Is -5*(0 + -1405) - (-4 - h) a prime number?
True
Suppose 397488 = 51*d - 181413. Is d composite?
False
Let z be ((-198)/12)/11*(-42)/(-9). Let y(x) = -13*x**3 + 3*x**2 + 4*x + 43. Is y(z) prime?
True
Let f be (-10)/(-15)*(-602715)/(-2). Suppose 0 = 3*o + 20*o - f. Is o a composite number?
True
Let v(z) be the second derivative of -z**5/4 + 3*z**4/4 - 3*z**3 - 17*z**2/2 - 18*z. Is v(-8) composite?
True
Let c be (-4)/(-14)*(-7)/(-2). Is 1131 + (-1 - 2) + (-1 - c) a composite number?
True
Let o = -475 + 477. Is (-11 + 17528)/(((-2)/(-1))/o) prime?
False
Let u = -31 + 34. Let w(d) = 2*d**3 - 5*d**2 + d + 3. Let s be w(u). Suppose 0 = l - s - 59. Is l prime?
False
Suppose 60*z - 2932620 = -0*z. Is z a prime number?
False
Suppose -4*k - 31 = -47. Suppose 4*j = -5*t + 9743, -17*t + 22*t + 9753 = k*j. Is j composite?
False
Let i(w) = 139*w**3 + 7*w**2 - 2*w + 33. Is i(8) a composite number?
False
Let o = -128 + 155. Is 571285/117 + 6/o a composite number?
True
Suppose -16*a = 10*a + 208. Let r(w) = -6*w**3 + 9*w**2 + 8*w + 11. Is r(a) prime?
False
Suppose -4*k - 5*q = -119151, -q - 119137 = -4*k - 4*q. Is k composite?
True
Suppose -586*l + 27085651 = -99*l - 51252682. Is l a prime number?
False
Let w(i) = 39893*i**2 - 279*i + 841. Is w(3) a prime number?
True
Let x = -210 + 740. Suppose 3*o + 2*k + 2*k - 529 = 0, k + 524 = 3*o. Let s = x - o. Is s a composite number?
True
Is 109062560/130 - 2/(-104)*12 prime?
False
Let k be 1145 - 5/2*8/(-20). Let n = 1681 - k. Is n a prime number?
False
Let g(m) = 32*m + 1895. Let l be g(0). Suppose 226*x - l = 221*x. Is x composite?
False
Suppose -13*m + 31169 = -63627. Suppose -5*y + m = -3*y - 2*i, -3*y - i + 10938 = 0. Is y a composite number?
True
Let h = 307 + 148. Suppose -5*d + 425 = 4*i, -4*d - 122 = -i - 0. Let x = h + i. Is x prime?
False
Let a(m) = 1370*m**2 + 2*m - 1. Suppose -14 = 2*l + 26. Let b be (l/(-16) + -1)/(3/12). Is a(b) composite?
True
Let i(l) = -29*l - 25*l + 10*l**2 + 59*l - 9*l**3 + 11. Let r be i(-7). Suppose -r - 2742 = -5*a. Is a a composite number?
False
Let o(x) = 6334*x**2 + 53*x + 68. Is o(-11) a composite number?
False
Let d(i) = -72*i - 11. Let z be (-88)/9 - 1/((-45)/(-10)). Is d(z) composite?
False
Let l be -2 + (6 - 3) - -4. Suppose l*y - 3 = 12. Suppose -m + 523 = -5*a, -y*a = 4*m - 1461 - 539. Is m a prime number?
True
Let t(y) = -53*y**3 + 14*y**2 + 22*y - 50. Is t(-7) a composite number?
False
Let i(s) = 12 - 5 + 17*s**2 + 52*s**3 + 9 - 17*s - 53*s**3. Let k be i(16). Suppose 0 = -k*z + z - 1437. Is z composite?
True
Suppose 4*i + 5*n - 114653 = 5954, 3*i = -2*n + 90457. Suppose -1209 - i = -6*s. Is s a composite number?
False
Suppose 3*f - 2*t = 146857, -195811 = -f - 3*f + t. Suppose 3*i - f = y, -5*i - 3*y + 2*y + 81599 = 0. Is i a prime number?
True
Let d = 273933 - 100694. Is d a prime number?
False
Let a = -50 + 60. Let u(h) = 133*h - 53. Is u(a) prime?
True
Let w(m) = 62*m + 5201. Is w(-47) a composite number?
False
Let p(a) = -48105*a + 722. Is p(-9) composite?
True
Let f(i) = -3*i**3 + i**2 + 28*i + 16. Let m be f(-13). Let k = m + -2457. Suppose -2*q = 5*v + 2*q - k, -4*q + 1594 = 2*v. Is v composite?
False
Let b = -804198 - -1142167. Is b a prime number?
True
Suppose 0 = -3*t + 2*v + 282831, 27*v = 24*v + 9. Is t prime?
False
Let t be (-1)/((-2)/(0 + -2))*383. Let d = t + 982. Let a = d + -414. Is a composite?
True
Let a(y) = 16*y**2 - 44*y - 47. Let s be 1/((-255)/(-63) + -4). Let l be a(s). Let v = 9044 - l. Is v a composite number?
True
Let z(s) = -19585*s - 372. Is z(-9) prime?
False
Let d = -2751 - -3006. Suppose -2*v - 2*z = -7*v - 364, 2*v = -3*z - 157. Let k = d + v. Is k a composite number?
False
Let v(w) = -4*w + 73. Let d be v(18). Is 83030/38 + 4/d composite?
True
Let y be (-2)/(24/16 + -1). Let b(j) = -66*j**3 - 2*j - 3. Is b(y) prime?
True
Let p = -40 - -64. Suppose 0 = -4*k + 28 - p. Is (-458)/(-4) - (k - (-12)/(-8)) composite?
True
Suppose 22*a + 144 = 13*a. Let g(m) = 2*m + 30. Let t be g(a). Is (663/(-65))/(t/10) a prime number?
False
Let a(q) be the first derivative of q + 3/2*q**2 + 0*q**3 - 10 + 9/4*q**4. Is a(7) a prime number?
True
Suppose 3*a = 4*h + 4*a + 93, 102 = -4*h + 2*a. Let m = 32 + h. Suppose -4*q - 940 = -m*q. Is q composite?
True
Suppose -2*i + 419346 = -2*f, -2*f + 629043 = 3*i + f. Suppose 24*r - i = 11*r. Is r a composite number?
True
Let m(q) = 6544*q + 7725. Is m(8) a prime number?
True
Let r = -4764 + 8565. Suppose -2*o + 4*h - 5*h = -r, -4*h = 4*o - 7600. Is o prime?
True
Let o(z) = 23*z**2 + 161*z + 49. Is o(16) prime?
True
Suppose 0 = s + 2*v - 20485, 3*s - 5*v + 3811 = 65200. Is s prime?
False
Suppose -18*u + 13*u + 85300 = 0. Suppose 4*w + 0*w - u = 0. Is w a composite number?
True
Suppose 130165 = 3*w - 379*b + 383*b, 0 = 4*b - 4. Is w prime?
False
Suppose -y = -4*j - 404, -9*y = -7*y - 2*j - 778. Let l = y - -295. Is l composite?
True
Suppose 5*r - 2477760 = -5*c, c - 4*r - 512985 + 17428 = 0. Is c a composite number?
True
Let u(a) = -188*a - 107. Let m(p) = 2. Let r(k) = 3*m(k) - u(k). Is r(6) composite?
True
Let k(i) = 7*i**2 - 48*i + 852. Is k(69) composite?
True
Suppose 0 = -2*y - 5*s + 144533, -361350 = -5*y + 9*s - 4*s. Is y prime?
True
Suppose -49*n + 9003522 + 390086 = -9427635. Is n prime?
True
Let k = -21341 - -36294. Suppose 14*h = -5*h + k. Is h a composite number?
False
Suppose 11 = 4*q - 3*n, -4*n = -6*n + 6. Suppose y = q*b - 35, -4*b + 0*y + 19 = y. Is b composite?
True
Let l(k) = 770*k + 2865. Is l(44) composite?
True
Let q be 3 + (-2)/(-6)*-3. Suppose 0 = 4*w - f + 3*f - 28, 21 = w + 4*f. Suppose w*g + 2993 = q*c, 4*c + 0*g - 5991 = 5*g. Is c composite?
False
Let s(b) = 32*b**3 - 6*b**2 + 122*b - 3251. Is s(24) prime?
True
Let f be (-5*(-8)/10)/(1/(-1)). Is (-5)/(-20) + (-23859)/f a prime number?
False
Suppose 64*p - 258*p + 1527986 = 32*p. Is p composite?
False
Let o(j) be the third derivative of j**5/20 - j**4/6 + 11*j**3/6 - 32*j**2. Suppose u + 6 = -6. Is o(u) a composite number?
False
